s 39 + -25?
14
In base 12, what is 443 - 3?
440
In base 2, what is 10001011010 + -10?
10001011000
In base 10, what is 2 - 442?
-440
In base 4, what is 332222 + -2?
332220
In base 3, what is 100100 + -10?
100020
In base 4, what is -1100 + 10?
-1030
In base 2, what is 11 + 1001111?
1010010
In base 3, what is -200 + -100?
-1000
In base 4, what is 32032 + -13?
32013
In base 13, what is -5 - 1425?
-142a
In base 15, what is -a + aa?
a0
In base 8, what is -243 - -10?
-233
In base 7, what is -3 - -12?
6
In base 10, what is -2 + -6?
-8
In base 10, what is 0 - -57?
57
In base 14, what is 3 + -522?
-51d
In base 14, what is -1 + -15?
-16
In base 10, what is -187 + 3?
-184
In base 16, what is 2 + -1f?
-1d
In base 10, what is 566 + 1?
567
In base 10, what is -1 - 1838?
-1839
In base 5, what is -21441 - 0?
-21441
In base 12, what is -2b - -8?
-23
In base 11, what is -74 - 15?
-89
In base 16, what is -2 - 4f9?
-4fb
In base 8, what is -146 - 23?
-171
In base 14, what is -5 - 70?
-75
In base 11, what is 0 + -5aa?
-5aa
In base 3, what is 2020 - 101?
1212
In base 4, what is -3 - -1101?
1032
In base 15, what is 3a0c - -3?
3a10
In base 13, what is -8b1 - -3?
-8ab
In base 14, what is c - -14d?
15b
In base 14, what is -493 + -3?
-496
In base 12, what is -17b + 5?
-176
In base 15, what is 3 - -35?
38
In base 12, what is 6211 + -2?
620b
In base 12, what is -1 - 21?
-22
In base 16, what is -60 + -3?
-63
In base 3, what is 11 - -100000?
100011
In base 15, what is 2 + 25e?
261
In base 3, what is 1201212 + -110?
1201102
In base 9, what is -4 + 273?
268
In base 3, what is -212010 + 12?
-211221
In base 7, what is 26 + 1545?
1604
In base 3, what is 20110 + 2?
20112
In base 7, what is 30 - -231?
261
In base 3, what is -1011 + -1021?
-2102
In base 9, what is -885 - 1?
-886
In base 2, what is -110001010 + 111?
-110000011
In base 14, what is -123c - -8?
-1234
In base 5, what is 10 + 22?
32
In base 5, what is -14 - -30?
11
In base 11, what is 2a2 - 5?
298
In base 11, what is 1 - 1245?
-1244
In base 7, what is 4 - -1440?
1444
In base 13, what is -52 - 2?
-54
In base 5, what is 3 + -120?
-112
In base 3, what is -11101 - 12220?
-101021
In base 8, what is 214 - -2?
216
In base 3, what is -10 - 1?
-11
In base 11, what is -35 - 0?
-35
In base 13, what is -b - 25?
-33
In base 6, what is 15 + -50?
-31
In base 6, what is -3052 + -1?
-3053
In base 8, what is -162 + -5?
-167
In base 2, what is -10110 + 100001101?
11110111
In base 5, what is 14 + -144?
-130
In base 9, what is 1 + 134?
135
In base 7, what is -5 + -2160?
-2165
In base 6, what is -340 + 2?
-334
In base 11, what is -62 - -7?
-56
In base 2, what is 1100010 + 0?
1100010
In base 14, what is -1a - 149?
-165
In base 13, what is -15a + 0?
-15a
In base 2, what is 10110000111 + 101?
10110001100
In base 12, what is 380 + -3?
379
In base 3, what is 10 - -22012?
22022
In base 8, what is -402 + -2?
-404
In base 12, what is -a + -401?
-40b
In base 5, what is 10 - 1244?
-1234
In base 4, what is 2012030 + -3?
2012021
In base 5, what is -120 - -2?
-113
In base 8, what is -1322 - 3?
-1325
In base 11, what is 38 - -33?
70
In base 13, what is -57 + -10?
-67
In base 4, what is 2 - 11100?
-11032
In base 8, what is -3 - -45?
42
In base 15, what is 9 + -19?
-10
In base 13, what is -b6 + 3?
-b3
In base 10, what is -1707 + 3?
-1704
In base 5, what is -13440 - 0?
-13440
In base 3, what is -21212 - -21?
-21121
In base 16, what is 50 + -20?
30
In base 2, what is -1001001001100010 - -10?
-1001001001100000
In base 12, what is 4 + -3b?
-37
In base 8, what is -23613 - 5?
-23620
In base 8, what is 236 + -21?
215
In base 9, what is -24 + -268?
-303
In base 12, what is -48 - -b?
-39
In base 14, what is -4 + -1c3?
-1c7
In base 15, what is 6532 - 5?
652c
In base 14, what is d - -c?
1b
In base 2, what is 10 + 10010101?
10010111
In base 9, what is -1 + -1175?
-1176
In base 3, what is 100 - 10112?
-10012
In base 7, what is -102 - 0?
-102
In base 10, what is -5 + 3892?
3887
In base 3, what is 1102 + -20202?
-12100
In base 4, what is 11 - -313?
330
In base 3, what is -1100 - 220?
-2020
In base 4, what is 2 - -13012?
13020
In base 6, what is -140 + -14?
-154
In base 2, what is 0 + 10111000011?
10111000011
In base 5, what is -33 - -1022?
434
In base 13, what is 97 - -4?
9b
In base 8, what is -62 - -1?
-61
In base 16, what is 1d + 8?
25
In base 9, what is 516 + 0?
516
In base 2, what is 101 - -100000?
100101
In base 2, what is -101 + 1001010?
1000101
In base 7, what is 1 - 341?
-340
In base 6, what is -2105 - 4?
-2113
In base 3, what is -2 - -211?
202
In base 16, what is 2 - -b8?
ba
In base 11, what is 1 - 124?
-123
In base 11, what is -838 - 17?
-854
In base 14, what is -5 + -10a?
-111
In base 9, what is 43 + -65?
-22
In base 6, what is -1105 + -3?
-1112
In base 8, what is -5 - 24002?
-24007
In base 14, what is -2 - d5d?
-d61
In base 15, what is 8 - -b?
14
In base 9, what is 5 + 72?
77
In base 9, what is -60 + -5?
-65
In base 8, what is -373 - -13?
-360
In base 2, what is -1 + -11110?
-11111
In base 11, what is -a4 - -1?
-a3
In base 5, what is -1 - -12123?
12122
In base 11, what is 853 - 0?
853
In base 6, what is -23305 + 4?
-23301
In base 11, what is 97 + 3?
9a
In base 16, what is 1 - 8e?
-8d
In base 14, what is -33 - -3?
-30
In base 5, what is -1 - -1000?
444
In base 3, what is 20000 + -101?
12122
In base 11, what is 5 - 11?
-7
In base 14, what is -3 + -451?
-454
In base 4, what is 11013 - 102?
10311
In base 13, what is -40 + 0?
-40
In base 5, what is 12 - 113?
-101
In base 10, what is -39 - 0?
-39
In base 12, what is -5 + -72?
-77
In base 12, what is 107aa - 4?
107a6
In base 16, what is 8 - -2?
a
In base 12, what is 3 + -107?
-104
In base 7, what is -504 + -3?
-510
In base 12, what is -5 + -563?
-568
In base 5, what is 4 + 3213?
3222
In base 12, what is -5a0 + -1?
-5a1
In base 4, what is 3 - 20310?
-20301
In base 7, what is 530 + 0?
530
In base 6, what is 1 + -215?
-214
In base 14, what is -5b + 3b?
-20
In base 16, what is -b8 - 1?
-b9
In base 2, what is 11111 + 101?
100100
In base 9, what is -127 - -1?
-126
In base 7, what is 3 + -14130?
-14124
In base 13, what is -1b - 1b?
-39
In base 12, what is 6 + 4?
a
In base 3, what is 0 + 1010?
1010
In base 9, what is 4 - -57?
62
In base 13, what is -1392 - 3?
-1395
In base 11, what is -6 + -a?
-15
In base 14, what is -2 + 60?
5c
In base 6, what is -4 + 44512?
44504
In base 15, what is 7 - 99?
-92
In base 8, what is 46 + -656?
-610
In base 2, what is -10010110 - -10111?
-1111111
In base 9, what is -315 - -6?
-308
In base 16, what is -3 - -b7?
b4
In base 5, what is -10221 + 44?
-10122
In base 8, what is -72704 + 2?
-72702
In base 2, what is -101101111 - -101?
-101101010
In base 9, what is 1603 - 21?
1572
In base 14, what is 2 + 119a?
119c
In base 7, what is -2031 + 2?
-2026
In base 7, what is 633 - 0?
633
In base 13, what is -779 - -13?
-766
In base 14, what is 96a - 1?
969
In base 4, what is -1000 - 20?
-1020
In base 7, what is 1054 + 10?
1064
In base 5, what is -204 + 30?
-124
In base 16, what is 73 - -11?
84
In base 4, what is 11221 - -321?
12202
In base 9, what is 0 - 2025?
-2025
In base 13, what is 6 + b9?
c2
In base 8, what is -157 - -76?
-61
In base 4, what is 11 - 1102?
-1031
In base 14, what is -20 + 27b?
25b
In base 10, what is 8667 - 1?
8666
In base 3, what is -122002 - -10?
-121222
In base 15, what is -7 + b?
4
In base 6, what is -122 + -25?
-151
In base 7, what is 1 - 24202?
-24201
In base 13, what is -4 + -12?
-16
In base 13, what is -16042 + -5?
-16047
In base 16, what is -21 + 1f?
-2
In base 11, what is -43 + -56?
-99
In base 10, what is 3192 + -5?
3187
In base 6, what is 1132 + -2?
1130
In base 7, what is 0 + -4340?
-4340
In base 3, what is 1201 + 22?
2000
In base 3, what is -12 + -1?
-20
In base 16, what is -5468 + 2?
-5466
In base 12, what is b - -260?
26b
In base 14, what is -608 + 5?
-603
In base 10, what is -1 + 110?
109
In base 10, what is -24 + 15?
-9
In base 14, what is -269 + 4?
-265
In base 14, what is -9 - 189?
-194
In base 15, what is 3b + 3?
3e
In base 10, what is 48 + 4?
52
In base 16, what is 8a - -6?
90
In base 4, what is -10010300 + -11?
-10010311
In base 11, what is -4 - 277?
-280
In base 2, what is 10 + -11000101?
-11000011
In base 7, what is 5 + 1446?
1454
In base 4, what is 1001 - -2020?